{"id":7709,"date":"2024-12-19T00:25:39","date_gmt":"2024-12-18T22:25:39","guid":{"rendered":"https:\/\/gunce.marsyas.gen.tr\/?page_id=7709"},"modified":"2024-12-19T14:35:58","modified_gmt":"2024-12-19T12:35:58","slug":"ahsaptan-betona-mecidiyeden-jetona","status":"publish","type":"page","link":"https:\/\/gunce.marsyas.gen.tr\/?page_id=7709","title":{"rendered":"Ah\u015faptan Betona, Mecidiyeden Jetona"},"content":{"rendered":"<h3><img loading=\"lazy\" decoding=\"async\" class=\"alignleft\" src=\"https:\/\/ar-files.s3.eu-central-1.amazonaws.com\/styles\/240x240\/s3\/program\/group\/logo\/ahsap_0.jpeg?itok=-msQnsUF\" alt=\"A\u00e7\u0131k radyo\" width=\"142\" height=\"142\"\/><\/h3>\n<h3><a href=\"https:\/\/apacikradyo.com.tr\/program\/ahsaptan-betona-mecidiyeden-jetona\">P\u0131nar Erkan ile alameti kerametinden menkul kent hik\u00e2yeleri<\/a><\/h3>\n<p>&nbsp;<\/p>\n<p>&nbsp;<\/p>\n<p>&nbsp;<\/p>\n<p><code><div class=\"wp-rss-template-container\" data-wpra-template=\"default\" data-template-ctx=\"eyJzb3VyY2VzIjoiNzE5NSJ9\">\n    <div class=\"wp-rss-aggregator wpra-list-template  \" data-page=\"1\">\n    \n    \n<ul class=\"wpra-item-list rss-aggregator wpra-item-list--bullets wpra-item-list--default\"\n    start=\"1\">\n                        <li class=\"wpra-item feed-item \">\n            \n            \n\n    <a  href=\"https:\/\/acikradyo.com.tr\/podcast\/ahsaptan-betona-mecidiyeden-jetona\/bogazici-aksamlarinda-abdulhak-sinasi-hisar\" target=\"_blank\"  class=\"\">Bo\u011fazi\u00e7i Ak\u015famlar\u0131nda Abd\u00fclhak \u015einasi Hisar<\/a>\n\n\n\n\n\n\n<div class=\"wprss-feed-meta\">\n            <span class=\"feed-source\">\n            Source:\n\n                            Ah\u015faptan Betona Mecidiyeden Jetona\n                    <\/span>\n    \n            <span class=\"feed-date\">\n            Published on 2026-09-01\n        <\/span>\n    \n    <\/div>\n\n\n\n\n\n            \n        <\/li>\n                    <li class=\"wpra-item feed-item \">\n            \n            \n\n    <a  href=\"https:\/\/acikradyo.com.tr\/podcast\/ahsaptan-betona-mecidiyeden-jetona\/osmanlida-donanma-senlikleri\" target=\"_blank\"  class=\"\">Osmanl\u0131\u2019da Donanma \u015eenlikleri<\/a>\n\n\n\n\n\n\n<div class=\"wprss-feed-meta\">\n            <span class=\"feed-source\">\n            Source:\n\n                            Ah\u015faptan Betona Mecidiyeden Jetona\n                    <\/span>\n    \n            <span class=\"feed-date\">\n            Published on 2026-08-25\n        <\/span>\n    \n    <\/div>\n\n\n\n\n\n            \n        <\/li>\n                    <li class=\"wpra-item feed-item \">\n            \n            \n\n    <a  href=\"https:\/\/acikradyo.com.tr\/podcast\/ahsaptan-betona-mecidiyeden-jetona\/19-yuzyilda-kadinlarin-sosyal-hayata-katilmasi\" target=\"_blank\"  class=\"\">19. Y\u00fczy\u0131lda kad\u0131nlar\u0131n sosyal hayata kat\u0131lmas\u0131<\/a>\n\n\n\n\n\n\n<div class=\"wprss-feed-meta\">\n            <span class=\"feed-source\">\n            Source:\n\n                            Ah\u015faptan Betona Mecidiyeden Jetona\n                    <\/span>\n    \n            <span class=\"feed-date\">\n            Published on 2026-08-18\n        <\/span>\n    \n    <\/div>\n\n\n\n\n\n            \n        <\/li>\n                    <li class=\"wpra-item feed-item \">\n            \n            \n\n    <a  href=\"https:\/\/acikradyo.com.tr\/podcast\/ahsaptan-betona-mecidiyeden-jetona\/viktorya-doneminde-guzellik\" target=\"_blank\"  class=\"\">Viktorya d\u00f6neminde g\u00fczellik<\/a>\n\n\n\n\n\n\n<div class=\"wprss-feed-meta\">\n            <span class=\"feed-source\">\n            Source:\n\n                            Ah\u015faptan Betona Mecidiyeden Jetona\n                    <\/span>\n    \n            <span class=\"feed-date\">\n            Published on 2026-08-11\n        <\/span>\n    \n    <\/div>\n\n\n\n\n\n            \n        <\/li>\n                    <li class=\"wpra-item feed-item \">\n            \n            \n\n    <a  href=\"https:\/\/acikradyo.com.tr\/podcast\/ahsaptan-betona-mecidiyeden-jetona\/19-yuzyilda-ordu-ve-basin\" target=\"_blank\"  class=\"\">19. Y\u00fczy\u0131lda Ordu ve Bas\u0131n<\/a>\n\n\n\n\n\n\n<div class=\"wprss-feed-meta\">\n            <span class=\"feed-source\">\n            Source:\n\n                            Ah\u015faptan Betona Mecidiyeden Jetona\n                    <\/span>\n    \n            <span class=\"feed-date\">\n            Published on 2026-08-04\n        <\/span>\n    \n    <\/div>\n\n\n\n\n\n            \n        <\/li>\n                    <li class=\"wpra-item feed-item \">\n            \n            \n\n    <a  href=\"https:\/\/acikradyo.com.tr\/podcast\/ahsaptan-betona-mecidiyeden-jetona\/bogazicinde-yali-kulturu\" target=\"_blank\"  class=\"\">Bo\u011fazi\u00e7i&#039;nde Yal\u0131 K\u00fclt\u00fcr\u00fc<\/a>\n\n\n\n\n\n\n<div class=\"wprss-feed-meta\">\n            <span class=\"feed-source\">\n            Source:\n\n                            Ah\u015faptan Betona Mecidiyeden Jetona\n                    <\/span>\n    \n            <span class=\"feed-date\">\n            Published on 2026-07-28\n        <\/span>\n    \n    <\/div>\n\n\n\n\n\n            \n        <\/li>\n                    <li class=\"wpra-item feed-item \">\n            \n            \n\n    <a  href=\"https:\/\/acikradyo.com.tr\/podcast\/ahsaptan-betona-mecidiyeden-jetona\/19-yuzyil-britanyasinda-moda-dekorasyon-ve-olumcul-bir\" target=\"_blank\"  class=\"\">19. Y\u00fczy\u0131l Britanya&#039;s\u0131nda Moda, Dekorasyon ve \u00d6l\u00fcmc\u00fcl Bir Rengin Hik\u00e2yesi<\/a>\n\n\n\n\n\n\n<div class=\"wprss-feed-meta\">\n            <span class=\"feed-source\">\n            Source:\n\n                            Ah\u015faptan Betona Mecidiyeden Jetona\n                    <\/span>\n    \n            <span class=\"feed-date\">\n            Published on 2026-07-21\n        <\/span>\n    \n    <\/div>\n\n\n\n\n\n            \n        <\/li>\n                    <li class=\"wpra-item feed-item \">\n            \n            \n\n    <a  href=\"https:\/\/acikradyo.com.tr\/podcast\/ahsaptan-betona-mecidiyeden-jetona\/kraliceden-safiye-sultana-bir-kopru\" target=\"_blank\"  class=\"\">Krali\u00e7e\u2019den Safiye Sultan\u2019a Bir K\u00f6pr\u00fc<\/a>\n\n\n\n\n\n\n<div class=\"wprss-feed-meta\">\n            <span class=\"feed-source\">\n            Source:\n\n                            Ah\u015faptan Betona Mecidiyeden Jetona\n                    <\/span>\n    \n            <span class=\"feed-date\">\n            Published on 2026-07-14\n        <\/span>\n    \n    <\/div>\n\n\n\n\n\n            \n        <\/li>\n                    <li class=\"wpra-item feed-item \">\n            \n            \n\n    <a  href=\"https:\/\/acikradyo.com.tr\/podcast\/ahsaptan-betona-mecidiyeden-jetona\/istibdat-devrinde-yasaklar-nisanlar-ve-padisah-ihsani\" target=\"_blank\"  class=\"\">\u0130stibdat Devrinde Yasaklar, Ni\u015fanlar ve Padi\u015fah \u0130hsan\u0131<\/a>\n\n\n\n\n\n\n<div class=\"wprss-feed-meta\">\n            <span class=\"feed-source\">\n            Source:\n\n                            Ah\u015faptan Betona Mecidiyeden Jetona\n                    <\/span>\n    \n            <span class=\"feed-date\">\n            Published on 2026-07-07\n        <\/span>\n    \n    <\/div>\n\n\n\n\n\n            \n        <\/li>\n                    <li class=\"wpra-item feed-item \">\n            \n            \n\n    <a  href=\"https:\/\/acikradyo.com.tr\/podcast\/ahsaptan-betona-mecidiyeden-jetona\/ayastefanos-anit-antlasma-ve-borc-iliskileri\" target=\"_blank\"  class=\"\">Ayastefanos: An\u0131t, Antla\u015fma ve Bor\u00e7 \u0130li\u015fkileri<\/a>\n\n\n\n\n\n\n<div class=\"wprss-feed-meta\">\n            <span class=\"feed-source\">\n            Source:\n\n                            Ah\u015faptan Betona Mecidiyeden Jetona\n                    <\/span>\n    \n            <span class=\"feed-date\">\n            Published on 2026-06-30\n        <\/span>\n    \n    <\/div>\n\n\n\n\n\n            \n        <\/li>\n                    <li class=\"wpra-item feed-item \">\n            \n            \n\n    <a  href=\"https:\/\/acikradyo.com.tr\/podcast\/ahsaptan-betona-mecidiyeden-jetona\/istanbulun-yalilari-bahceleri-ve-kayip-hikayeleri\" target=\"_blank\"  class=\"\">\u0130stanbul&#039;un Yal\u0131lar\u0131, Bah\u00e7eleri ve Kay\u0131p Hik\u00e2yeleri<\/a>\n\n\n\n\n\n\n<div class=\"wprss-feed-meta\">\n            <span class=\"feed-source\">\n            Source:\n\n                            Ah\u015faptan Betona Mecidiyeden Jetona\n                    <\/span>\n    \n            <span class=\"feed-date\">\n            Published on 2026-06-23\n        <\/span>\n    \n    <\/div>\n\n\n\n\n\n            \n        <\/li>\n                    <li class=\"wpra-item feed-item \">\n            \n            \n\n    <a  href=\"https:\/\/acikradyo.com.tr\/podcast\/ahsaptan-betona-mecidiyeden-jetona\/19-yuzyilda-katolik-misyonerlerin-istanbula-yerlesme-0\" target=\"_blank\"  class=\"\">19. y\u00fczy\u0131lda Katolik misyonerlerin \u0130stanbul&#039;a yerle\u015fme \u00e7abalar\u0131 - B\u00f6l\u00fcm 2<\/a>\n\n\n\n\n\n\n<div class=\"wprss-feed-meta\">\n            <span class=\"feed-source\">\n            Source:\n\n                            Ah\u015faptan Betona Mecidiyeden Jetona\n                    <\/span>\n    \n            <span class=\"feed-date\">\n            Published on 2026-06-16\n        <\/span>\n    \n    <\/div>\n\n\n\n\n\n            \n        <\/li>\n                    <li class=\"wpra-item feed-item \">\n            \n            \n\n    <a  href=\"https:\/\/acikradyo.com.tr\/podcast\/ahsaptan-betona-mecidiyeden-jetona\/19-yuzyilda-katolik-misyonerlerin-istanbula-yerlesme\" target=\"_blank\"  class=\"\">19. y\u00fczy\u0131lda Katolik misyonerlerin \u0130stanbul&#039;a yerle\u015fme \u00e7abalar\u0131<\/a>\n\n\n\n\n\n\n<div class=\"wprss-feed-meta\">\n            <span class=\"feed-source\">\n            Source:\n\n                            Ah\u015faptan Betona Mecidiyeden Jetona\n                    <\/span>\n    \n            <span class=\"feed-date\">\n            Published on 2026-06-09\n        <\/span>\n    \n    <\/div>\n\n\n\n\n\n            \n        <\/li>\n                    <li class=\"wpra-item feed-item \">\n            \n            \n\n    <a  href=\"https:\/\/acikradyo.com.tr\/podcast\/ahsaptan-betona-mecidiyeden-jetona\/19-yuzyil-sonlarinda-istanbulda-degisen-alisveris\" target=\"_blank\"  class=\"\">19. y\u00fczy\u0131l sonlar\u0131nda \u0130stanbul&#039;da de\u011fi\u015fen al\u0131\u015fveri\u015f bi\u00e7imleri<\/a>\n\n\n\n\n\n\n<div class=\"wprss-feed-meta\">\n            <span class=\"feed-source\">\n            Source:\n\n                            Ah\u015faptan Betona Mecidiyeden Jetona\n                    <\/span>\n    \n            <span class=\"feed-date\">\n            Published on 2026-06-02\n        <\/span>\n    \n    <\/div>\n\n\n\n\n\n            \n        <\/li>\n                    <li class=\"wpra-item feed-item \">\n            \n            \n\n    <a  href=\"https:\/\/acikradyo.com.tr\/podcast\/ahsaptan-betona-mecidiyeden-jetona\/ii-abdulhamid-doneminde-kurban-bayrami\" target=\"_blank\"  class=\"\">II. Abd\u00fclhamid d\u00f6neminde Kurban Bayram\u0131<\/a>\n\n\n\n\n\n\n<div class=\"wprss-feed-meta\">\n            <span class=\"feed-source\">\n            Source:\n\n                            Ah\u015faptan Betona Mecidiyeden Jetona\n                    <\/span>\n    \n            <span class=\"feed-date\">\n            Published on 2026-05-26\n        <\/span>\n    \n    <\/div>\n\n\n\n\n\n            \n        <\/li>\n        <\/ul>\n\n        \n<\/div>\n\n<\/div>\n<\/code><\/p>\n","protected":false},"excerpt":{"rendered":"<p>P\u0131nar Erkan ile alameti kerametinden menkul kent hik\u00e2yeleri &nbsp; &nbsp; &nbsp;<\/p>\n","protected":false},"author":1,"featured_media":0,"parent":3108,"menu_order":0,"comment_status":"closed","ping_status":"closed","template":"","meta":{"ngg_post_thumbnail":0,"footnotes":""},"categories":[288],"tags":[287],"class_list":["post-7709","page","type-page","status-publish","hentry","category-podcast-yayinlari","tag-podcast"],"_links":{"self":[{"href":"https:\/\/gunce.marsyas.gen.tr\/index.php?rest_route=\/wp\/v2\/pages\/7709","targetHints":{"allow":["GET"]}}],"collection":[{"href":"https:\/\/gunce.marsyas.gen.tr\/index.php?rest_route=\/wp\/v2\/pages"}],"about":[{"href":"https:\/\/gunce.marsyas.gen.tr\/index.php?rest_route=\/wp\/v2\/types\/page"}],"author":[{"embeddable":true,"href":"https:\/\/gunce.marsyas.gen.tr\/index.php?rest_route=\/wp\/v2\/users\/1"}],"replies":[{"embeddable":true,"href":"https:\/\/gunce.marsyas.gen.tr\/index.php?rest_route=%2Fwp%2Fv2%2Fcomments&post=7709"}],"version-history":[{"count":6,"href":"https:\/\/gunce.marsyas.gen.tr\/index.php?rest_route=\/wp\/v2\/pages\/7709\/revisions"}],"predecessor-version":[{"id":7724,"href":"https:\/\/gunce.marsyas.gen.tr\/index.php?rest_route=\/wp\/v2\/pages\/7709\/revisions\/7724"}],"up":[{"embeddable":true,"href":"https:\/\/gunce.marsyas.gen.tr\/index.php?rest_route=\/wp\/v2\/pages\/3108"}],"wp:attachment":[{"href":"https:\/\/gunce.marsyas.gen.tr\/index.php?rest_route=%2Fwp%2Fv2%2Fmedia&parent=7709"}],"wp:term":[{"taxonomy":"category","embeddable":true,"href":"https:\/\/gunce.marsyas.gen.tr\/index.php?rest_route=%2Fwp%2Fv2%2Fcategories&post=7709"},{"taxonomy":"post_tag","embeddable":true,"href":"https:\/\/gunce.marsyas.gen.tr\/index.php?rest_route=%2Fwp%2Fv2%2Ftags&post=7709"}],"curies":[{"name":"wp","href":"https:\/\/api.w.org\/{rel}","templated":true}]}}

Ahşaptan Betona, Mecidiyeden Jetona

<h3><img loading="lazy" decoding="async" class="alignleft" src="https://ar-files.s3.eu-central-1.amazonaws.com/styles/240x240/s3/program/group/logo/ahsap_0.jpeg?itok=-msQnsUF" alt="Açık radyo" width="142" height="142"/></h3>
<h3><a href="https://apacikradyo.com.tr/program/ahsaptan-betona-mecidiyeden-jetona">Pınar Erkan ile alameti kerametinden menkul kent hikâyeleri</a></h3>
<p>&nbsp;</p>
<p>&nbsp;</p>
<p>&nbsp;</p>
<p><code><div class="wp-rss-template-container" data-wpra-template="default" data-template-ctx="eyJzb3VyY2VzIjoiNzE5NSJ9">
    <div class="wp-rss-aggregator wpra-list-template  " data-page="1">
    
    
<ul class="wpra-item-list rss-aggregator wpra-item-list--bullets wpra-item-list--default"
    start="1">
                        <li class="wpra-item feed-item ">
            
            

    <a  href="https://acikradyo.com.tr/podcast/ahsaptan-betona-mecidiyeden-jetona/bogazici-aksamlarinda-abdulhak-sinasi-hisar" target="_blank"  class="">Boğaziçi Akşamlarında Abdülhak Şinasi Hisar</a>






<div class="wprss-feed-meta">
            <span class="feed-source">
            Source:

                            Ahşaptan Betona Mecidiyeden Jetona
                    </span>
    
            <span class="feed-date">
            Published on 2026-09-01
        </span>
    
    </div>





            
        </li>
                    <li class="wpra-item feed-item ">
            
            

    <a  href="https://acikradyo.com.tr/podcast/ahsaptan-betona-mecidiyeden-jetona/osmanlida-donanma-senlikleri" target="_blank"  class="">Osmanlı’da Donanma Şenlikleri</a>






<div class="wprss-feed-meta">
            <span class="feed-source">
            Source:

                            Ahşaptan Betona Mecidiyeden Jetona
                    </span>
    
            <span class="feed-date">
            Published on 2026-08-25
        </span>
    
    </div>





            
        </li>
                    <li class="wpra-item feed-item ">
            
            

    <a  href="https://acikradyo.com.tr/podcast/ahsaptan-betona-mecidiyeden-jetona/19-yuzyilda-kadinlarin-sosyal-hayata-katilmasi" target="_blank"  class="">19. Yüzyılda kadınların sosyal hayata katılması</a>






<div class="wprss-feed-meta">
            <span class="feed-source">
            Source:

                            Ahşaptan Betona Mecidiyeden Jetona
                    </span>
    
            <span class="feed-date">
            Published on 2026-08-18
        </span>
    
    </div>





            
        </li>
                    <li class="wpra-item feed-item ">
            
            

    <a  href="https://acikradyo.com.tr/podcast/ahsaptan-betona-mecidiyeden-jetona/viktorya-doneminde-guzellik" target="_blank"  class="">Viktorya döneminde güzellik</a>






<div class="wprss-feed-meta">
            <span class="feed-source">
            Source:

                            Ahşaptan Betona Mecidiyeden Jetona
                    </span>
    
            <span class="feed-date">
            Published on 2026-08-11
        </span>
    
    </div>





            
        </li>
                    <li class="wpra-item feed-item ">
            
            

    <a  href="https://acikradyo.com.tr/podcast/ahsaptan-betona-mecidiyeden-jetona/19-yuzyilda-ordu-ve-basin" target="_blank"  class="">19. Yüzyılda Ordu ve Basın</a>






<div class="wprss-feed-meta">
            <span class="feed-source">
            Source:

                            Ahşaptan Betona Mecidiyeden Jetona
                    </span>
    
            <span class="feed-date">
            Published on 2026-08-04
        </span>
    
    </div>





            
        </li>
                    <li class="wpra-item feed-item ">
            
            

    <a  href="https://acikradyo.com.tr/podcast/ahsaptan-betona-mecidiyeden-jetona/bogazicinde-yali-kulturu" target="_blank"  class="">Boğaziçi&#039;nde Yalı Kültürü</a>






<div class="wprss-feed-meta">
            <span class="feed-source">
            Source:

                            Ahşaptan Betona Mecidiyeden Jetona
                    </span>
    
            <span class="feed-date">
            Published on 2026-07-28
        </span>
    
    </div>





            
        </li>
                    <li class="wpra-item feed-item ">
            
            

    <a  href="https://acikradyo.com.tr/podcast/ahsaptan-betona-mecidiyeden-jetona/19-yuzyil-britanyasinda-moda-dekorasyon-ve-olumcul-bir" target="_blank"  class="">19. Yüzyıl Britanya&#039;sında Moda, Dekorasyon ve Ölümcül Bir Rengin Hikâyesi</a>






<div class="wprss-feed-meta">
            <span class="feed-source">
            Source:

                            Ahşaptan Betona Mecidiyeden Jetona
                    </span>
    
            <span class="feed-date">
            Published on 2026-07-21
        </span>
    
    </div>





            
        </li>
                    <li class="wpra-item feed-item ">
            
            

    <a  href="https://acikradyo.com.tr/podcast/ahsaptan-betona-mecidiyeden-jetona/kraliceden-safiye-sultana-bir-kopru" target="_blank"  class="">Kraliçe’den Safiye Sultan’a Bir Köprü</a>






<div class="wprss-feed-meta">
            <span class="feed-source">
            Source:

                            Ahşaptan Betona Mecidiyeden Jetona
                    </span>
    
            <span class="feed-date">
            Published on 2026-07-14
        </span>
    
    </div>





            
        </li>
                    <li class="wpra-item feed-item ">
            
            

    <a  href="https://acikradyo.com.tr/podcast/ahsaptan-betona-mecidiyeden-jetona/istibdat-devrinde-yasaklar-nisanlar-ve-padisah-ihsani" target="_blank"  class="">İstibdat Devrinde Yasaklar, Nişanlar ve Padişah İhsanı</a>






<div class="wprss-feed-meta">
            <span class="feed-source">
            Source:

                            Ahşaptan Betona Mecidiyeden Jetona
                    </span>
    
            <span class="feed-date">
            Published on 2026-07-07
        </span>
    
    </div>





            
        </li>
                    <li class="wpra-item feed-item ">
            
            

    <a  href="https://acikradyo.com.tr/podcast/ahsaptan-betona-mecidiyeden-jetona/ayastefanos-anit-antlasma-ve-borc-iliskileri" target="_blank"  class="">Ayastefanos: Anıt, Antlaşma ve Borç İlişkileri</a>






<div class="wprss-feed-meta">
            <span class="feed-source">
            Source:

                            Ahşaptan Betona Mecidiyeden Jetona
                    </span>
    
            <span class="feed-date">
            Published on 2026-06-30
        </span>
    
    </div>





            
        </li>
                    <li class="wpra-item feed-item ">
            
            

    <a  href="https://acikradyo.com.tr/podcast/ahsaptan-betona-mecidiyeden-jetona/istanbulun-yalilari-bahceleri-ve-kayip-hikayeleri" target="_blank"  class="">İstanbul&#039;un Yalıları, Bahçeleri ve Kayıp Hikâyeleri</a>






<div class="wprss-feed-meta">
            <span class="feed-source">
            Source:

                            Ahşaptan Betona Mecidiyeden Jetona
                    </span>
    
            <span class="feed-date">
            Published on 2026-06-23
        </span>
    
    </div>





            
        </li>
                    <li class="wpra-item feed-item ">
            
            

    <a  href="https://acikradyo.com.tr/podcast/ahsaptan-betona-mecidiyeden-jetona/19-yuzyilda-katolik-misyonerlerin-istanbula-yerlesme-0" target="_blank"  class="">19. yüzyılda Katolik misyonerlerin İstanbul&#039;a yerleşme çabaları - Bölüm 2</a>






<div class="wprss-feed-meta">
            <span class="feed-source">
            Source:

                            Ahşaptan Betona Mecidiyeden Jetona
                    </span>
    
            <span class="feed-date">
            Published on 2026-06-16
        </span>
    
    </div>





            
        </li>
                    <li class="wpra-item feed-item ">
            
            

    <a  href="https://acikradyo.com.tr/podcast/ahsaptan-betona-mecidiyeden-jetona/19-yuzyilda-katolik-misyonerlerin-istanbula-yerlesme" target="_blank"  class="">19. yüzyılda Katolik misyonerlerin İstanbul&#039;a yerleşme çabaları</a>






<div class="wprss-feed-meta">
            <span class="feed-source">
            Source:

                            Ahşaptan Betona Mecidiyeden Jetona
                    </span>
    
            <span class="feed-date">
            Published on 2026-06-09
        </span>
    
    </div>





            
        </li>
                    <li class="wpra-item feed-item ">
            
            

    <a  href="https://acikradyo.com.tr/podcast/ahsaptan-betona-mecidiyeden-jetona/19-yuzyil-sonlarinda-istanbulda-degisen-alisveris" target="_blank"  class="">19. yüzyıl sonlarında İstanbul&#039;da değişen alışveriş biçimleri</a>






<div class="wprss-feed-meta">
            <span class="feed-source">
            Source:

                            Ahşaptan Betona Mecidiyeden Jetona
                    </span>
    
            <span class="feed-date">
            Published on 2026-06-02
        </span>
    
    </div>





            
        </li>
                    <li class="wpra-item feed-item ">
            
            

    <a  href="https://acikradyo.com.tr/podcast/ahsaptan-betona-mecidiyeden-jetona/ii-abdulhamid-doneminde-kurban-bayrami" target="_blank"  class="">II. Abdülhamid döneminde Kurban Bayramı</a>






<div class="wprss-feed-meta">
            <span class="feed-source">
            Source:

                            Ahşaptan Betona Mecidiyeden Jetona
                    </span>
    
            <span class="feed-date">
            Published on 2026-05-26
        </span>
    
    </div>





            
        </li>
        </ul>

        
</div>

</div>
</code></p>

<p>Pınar Erkan ile alameti kerametinden menkul kent hikâyeleri &nbsp; &nbsp; &nbsp;</p>
